{"id":110,"date":"2015-06-10T00:22:41","date_gmt":"2015-06-09T22:22:41","guid":{"rendered":"https:\/\/phacqua.it\/cms\/?page_id=110"},"modified":"2018-01-03T02:20:54","modified_gmt":"2018-01-03T01:20:54","slug":"phacqua","status":"publish","type":"page","link":"https:\/\/phacqua.it\/cms\/","title":{"rendered":"PHAcqua"},"content":{"rendered":"<p>[et_pb_section bb_built=&#8221;1&#8243; admin_label=&#8221;section&#8221; fullwidth=&#8221;on&#8221; specialty=&#8221;off&#8221; _builder_version=&#8221;3.0.92&#8243;][et_pb_fullwidth_slider show_arrows=&#8221;on&#8221; show_pagination=&#8221;on&#8221; auto_speed=&#8221;6000&#8243; parallax=&#8221;on&#8221; parallax_method=&#8221;on&#8221; background_position=&#8221;top_left&#8221; show_image_video_mobile=&#8221;on&#8221; body_line_height=&#8221;2em&#8221; custom_button=&#8221;on&#8221; button_icon_placement=&#8221;right&#8221; auto_ignore_hover=&#8221;on&#8221; button_text_color=&#8221;#ffffff&#8221; button_border_color=&#8221;#ffffff&#8221; custom_padding=&#8221;|||&#8221; show_inner_shadow=&#8221;on&#8221; show_content_on_mobile=&#8221;on&#8221; show_cta_on_mobile=&#8221;on&#8221; _builder_version=&#8221;3.0.92&#8243; auto=&#8221;on&#8221;][et_pb_slide background_position=&#8221;center&#8221; background_size=&#8221;default&#8221; background_color=&#8221;#ffffff&#8221; use_bg_overlay=&#8221;off&#8221; use_text_overlay=&#8221;off&#8221; alignment=&#8221;center&#8221; background_layout=&#8221;dark&#8221; allow_player_pause=&#8221;off&#8221; text_border_radius=&#8221;3&#8243; header_font_select=&#8221;default&#8221; header_font=&#8221;||||&#8221; body_font_select=&#8221;default&#8221; body_font=&#8221;||||&#8221; custom_button=&#8221;on&#8221; button_font_select=&#8221;default&#8221; button_font=&#8221;||||&#8221; button_use_icon=&#8221;default&#8221; button_icon_placement=&#8221;right&#8221; button_on_hover=&#8221;on&#8221; heading=&#8221;La storia del tumore di Antonio&#8221; background_image=&#8221;https:\/\/phacqua.it\/cms\/wp-content\/uploads\/2017\/02\/tumore-antonio.jpg&#8221; button_text=&#8221;Scopri come Antonio \u00e8 guarito dal cancro&#8221; button_link=&#8221;https:\/\/phacqua.it\/cms\/video-delle-iene-sulla-storia-antonio\/&#8221; button_text_color=&#8221;#000000&#8243; button_bg_color=&#8221;#ffffff&#8221; _builder_version=&#8221;3.0.92&#8243; \/][et_pb_slide heading=&#8221;Consulenti per la tua salute Specializzati nel costruire soluzioni Straordinarie&#8221; background_image=&#8221;https:\/\/phacqua.it\/cms\/wp-content\/uploads\/2015\/06\/goccia1.jpg&#8221; background_position=&#8221;center&#8221; background_size=&#8221;initial&#8221; background_color=&#8221;#ffffff&#8221; alignment=&#8221;center&#8221; background_layout=&#8221;dark&#8221; allow_player_pause=&#8221;off&#8221; header_font_select=&#8221;default&#8221; header_font_size=&#8221;50&#8243; header_text_color=&#8221;#ffffff&#8221; body_font_select=&#8221;default&#8221; custom_button=&#8221;on&#8221; button_font_select=&#8221;default&#8221; button_use_icon=&#8221;default&#8221; button_icon_placement=&#8221;right&#8221; button_on_hover=&#8221;on&#8221; button_text=&#8221;chiedi informazioni sull&#8217;acqua alcalina ionizzata&#8221; button_link=&#8221;https:\/\/phacqua.it\/cms\/chi-siamo\/&#8221; use_bg_overlay=&#8221;off&#8221; use_text_overlay=&#8221;off&#8221; text_border_radius=&#8221;3&#8243; header_font=&#8221;||||&#8221; header_font_size_tablet=&#8221;50&#8243; header_font_size_phone=&#8221;50&#8243; body_font=&#8221;||||&#8221; button_font=&#8221;||||&#8221; button_text_color=&#8221;#1e73be&#8221; button_bg_color=&#8221;#ffffff&#8221; _builder_version=&#8221;3.0.92&#8243; \/][et_pb_slide background_image=&#8221;https:\/\/phacqua.it\/cms\/wp-content\/uploads\/2015\/06\/goccia.jpg&#8221; background_color=&#8221;#ffffff&#8221; alignment=&#8221;center&#8221; background_layout=&#8221;dark&#8221; allow_player_pause=&#8221;off&#8221; heading=&#8221;News&#8221; background_position=&#8221;top_left&#8221; background_size=&#8221;cover&#8221; header_font_select=&#8221;default&#8221; body_font_select=&#8221;default&#8221; custom_button=&#8221;off&#8221; button_font_select=&#8221;default&#8221; button_text=&#8221;leggi tutte le news&#8221; button_link=&#8221;https:\/\/phacqua.it\/cms\/category\/news\/&#8221; image=&#8221;https:\/\/phacqua.it\/cms\/wp-content\/uploads\/2015\/06\/Logo-Bianco.png&#8221; use_bg_overlay=&#8221;off&#8221; use_text_overlay=&#8221;off&#8221; text_border_radius=&#8221;3&#8243; header_font=&#8221;||||&#8221; body_font=&#8221;||||&#8221; button_font=&#8221;||||&#8221; _builder_version=&#8221;3.0.92&#8243; use_background_color_gradient=&#8221;off&#8221; background_color_gradient_start=&#8221;#2b87da&#8221; background_color_gradient_end=&#8221;#29c4a9&#8243; background_color_gradient_type=&#8221;linear&#8221; background_color_gradient_direction=&#8221;180deg&#8221; background_color_gradient_direction_radial=&#8221;center&#8221; background_color_gradient_start_position=&#8221;0%&#8221; background_color_gradient_end_position=&#8221;100%&#8221; background_color_gradient_overlays_image=&#8221;off&#8221; parallax=&#8221;off&#8221; parallax_method=&#8221;on&#8221; background_repeat=&#8221;no-repeat&#8221; background_blend=&#8221;normal&#8221; child_filter_hue_rotate=&#8221;0deg&#8221; child_filter_saturate=&#8221;100%&#8221; child_filter_brightness=&#8221;100%&#8221; child_filter_contrast=&#8221;100%&#8221; child_filter_invert=&#8221;0%&#8221; child_filter_sepia=&#8221;0%&#8221; child_filter_opacity=&#8221;100%&#8221; child_filter_blur=&#8221;0px&#8221; child_mix_blend_mode=&#8221;normal&#8221; \/][\/et_pb_fullwidth_slider][\/et_pb_section][et_pb_section bb_built=&#8221;1&#8243; admin_label=&#8221;section&#8221; fullwidth=&#8221;off&#8221; specialty=&#8221;off&#8221;][et_pb_row background_position=&#8221;top_left&#8221; background_repeat=&#8221;repeat&#8221; background_size=&#8221;initial&#8221;][et_pb_column type=&#8221;4_4&#8243;][et_pb_code]&lt;h2 style=&quot;text-align: center;&quot;&gt;&lt;em&gt;&quot;La mission di PHacqua \u00e8 la divulgazione della conoscenza delle le potenzialit\u00e0 dell&#x27;acqua alcalina ionizzata, un mezzo valido per aiutare l&#x27;organismo nella depurazione e nella disintossicazione e di tutti gli strumenti e accessori che aiutano ad ottenerla.&quot;&lt;\/em&gt;&lt;\/h2&gt;[\/et_pb_code][\/et_pb_column][\/et_pb_row][et_pb_row admin_label=&#8221;row&#8221; background_position=&#8221;top_left&#8221; background_repeat=&#8221;repeat&#8221; background_size=&#8221;initial&#8221;][et_pb_column type=&#8221;1_3&#8243;][et_pb_blurb admin_label=&#8221;Ionizzatori&#8221; title=&#8221;Ionizzatori&#8221; url=&#8221;https:\/\/phacqua.it\/cms\/ionizzatori&#8221; url_new_window=&#8221;off&#8221; use_icon=&#8221;off&#8221; icon_color=&#8221;#7EBEC5&#8243; use_circle=&#8221;off&#8221; circle_color=&#8221;#7EBEC5&#8243; use_circle_border=&#8221;off&#8221; circle_border_color=&#8221;#7EBEC5&#8243; image=&#8221;https:\/\/phacqua.it\/cms\/wp-content\/uploads\/2015\/06\/ionizzatori.jpg&#8221; icon_placement=&#8221;top&#8221; animation=&#8221;top&#8221; background_layout=&#8221;light&#8221; text_orientation=&#8221;center&#8221; use_icon_font_size=&#8221;off&#8221; use_border_color=&#8221;off&#8221; border_color=&#8221;#ffffff&#8221; border_style=&#8221;solid&#8221; background_position=&#8221;top_left&#8221; background_repeat=&#8221;repeat&#8221; background_size=&#8221;initial&#8221;]<\/p>\n<p><em>La nostra nuova acqua alcalina ionizzata, ricca di idrogeno, \u00e8 in grado di ripristinare la fisiologia del nostro corpo, oltre a produrre acqua della salute con ORP fino a &#8211; 800\u00a0e acqua con pH superiore a 12.\u00a0\u00c8 un potente antiossidante, buona da bere\u00a0e anche&#8230;<\/em><\/p>\n<p>[\/et_pb_blurb][\/et_pb_column][et_pb_column type=&#8221;1_3&#8243;][et_pb_blurb admin_label=&#8221;Estrattori&#8221; title=&#8221;Estrattori&#8221; url=&#8221;https:\/\/phacqua.it\/cms\/estrattori&#8221; url_new_window=&#8221;off&#8221; use_icon=&#8221;off&#8221; icon_color=&#8221;#7EBEC5&#8243; use_circle=&#8221;off&#8221; circle_color=&#8221;#7EBEC5&#8243; use_circle_border=&#8221;off&#8221; circle_border_color=&#8221;#7EBEC5&#8243; image=&#8221;https:\/\/phacqua.it\/cms\/wp-content\/uploads\/2015\/07\/ttb0149.jpg&#8221; icon_placement=&#8221;top&#8221; animation=&#8221;top&#8221; background_layout=&#8221;light&#8221; text_orientation=&#8221;center&#8221; use_icon_font_size=&#8221;off&#8221; use_border_color=&#8221;off&#8221; border_color=&#8221;#ffffff&#8221; border_style=&#8221;solid&#8221; background_position=&#8221;top_left&#8221; background_repeat=&#8221;repeat&#8221; background_size=&#8221;initial&#8221;]<\/p>\n<p>Dopo aver testato questo prodotto, abbiamo deciso proporlo. il prodotto Juicer Green Star Elite 5000\u00a0\u00e8 veramente favoloso sia per il prezzo che per la qualit\u00e0 degli alimenti estratti. La comodit\u00e0 dell\u2019elettricit\u00e0 unita alla delicata&#8230;<\/p>\n<p>[\/et_pb_blurb][\/et_pb_column][et_pb_column type=&#8221;1_3&#8243;][et_pb_blurb admin_label=&#8221;Essiccatori&#8221; title=&#8221;Essiccatori&#8221; url=&#8221;https:\/\/phacqua.it\/cms\/essiccatori&#8221; url_new_window=&#8221;off&#8221; use_icon=&#8221;off&#8221; icon_color=&#8221;#7EBEC5&#8243; use_circle=&#8221;off&#8221; circle_color=&#8221;#7EBEC5&#8243; use_circle_border=&#8221;off&#8221; circle_border_color=&#8221;#7EBEC5&#8243; image=&#8221;https:\/\/phacqua.it\/cms\/wp-content\/uploads\/2015\/06\/B5S_AM_BASSA.jpg&#8221; icon_placement=&#8221;top&#8221; animation=&#8221;top&#8221; background_layout=&#8221;light&#8221; text_orientation=&#8221;center&#8221; use_icon_font_size=&#8221;off&#8221; use_border_color=&#8221;off&#8221; border_color=&#8221;#ffffff&#8221; border_style=&#8221;solid&#8221; background_position=&#8221;top_left&#8221; background_repeat=&#8221;repeat&#8221; background_size=&#8221;initial&#8221;]<\/p>\n<p>E quando si decide di togliere tutta l&#8217;acqua? Essiccare direttamente a casa tua \u00e8 economico e salutare. Ti permette di usare tutto il prodotto estratto. Con i prodotti essiccati potrai conservare meglio e a lungo tutti gli sfiziosi alimenti&#8230;<\/p>\n<p>[\/et_pb_blurb][\/et_pb_column][\/et_pb_row][et_pb_row background_position=&#8221;top_left&#8221; background_repeat=&#8221;repeat&#8221; background_size=&#8221;initial&#8221;][et_pb_column type=&#8221;4_4&#8243;][et_pb_blog fullwidth=&#8221;off&#8221; posts_number=&#8221;3&#8243; include_categories=&#8221;1&#8243; show_thumbnail=&#8221;on&#8221; show_content=&#8221;off&#8221; show_more=&#8221;off&#8221; show_author=&#8221;on&#8221; show_date=&#8221;on&#8221; show_categories=&#8221;on&#8221; show_comments=&#8221;on&#8221; show_pagination=&#8221;on&#8221; offset_number=&#8221;0&#8243; use_overlay=&#8221;off&#8221; background_layout=&#8221;light&#8221; use_dropshadow=&#8221;off&#8221; use_border_color=&#8221;off&#8221; border_color=&#8221;#ffffff&#8221; border_style=&#8221;solid&#8221; \/][\/et_pb_column][\/et_pb_row][\/et_pb_section][et_pb_section bb_built=&#8221;1&#8243; fullwidth=&#8221;off&#8221; specialty=&#8221;off&#8221;][et_pb_row][et_pb_column type=&#8221;1_2&#8243;][et_pb_text _builder_version=&#8221;3.0.92&#8243; background_layout=&#8221;light&#8221;]<\/p>\n<h3 style=\"text-align: center;\">pubmed<\/h3>\n<h3 style=\"text-align: center;\"><a href=\"https:\/\/phacqua.it\/cms\/wp-content\/uploads\/2018\/01\/PubMed.pdf\" target=\"_blank\" rel=\"noopener\"><img loading=\"lazy\" decoding=\"async\" class=\"alignnone wp-image-260 size-full\" src=\"https:\/\/phacqua.it\/cms\/wp-content\/uploads\/2015\/08\/PDF.png\" alt=\"\" width=\"200\" height=\"200\" srcset=\"https:\/\/phacqua.it\/cms\/wp-content\/uploads\/2015\/08\/PDF.png 200w, https:\/\/phacqua.it\/cms\/wp-content\/uploads\/2015\/08\/PDF-150x150.png 150w\" sizes=\"(max-width: 200px) 100vw, 200px\" \/><\/a><\/h3>\n<p>[\/et_pb_text][\/et_pb_column][et_pb_column type=&#8221;1_2&#8243;][et_pb_text _builder_version=&#8221;3.0.92&#8243; background_layout=&#8221;light&#8221;]<\/p>\n<h3 style=\"text-align: center;\">presentazione 2018<\/h3>\n<h3><a href=\"https:\/\/phacqua.it\/cms\/wp-content\/uploads\/2018\/01\/Presentazione-2018.pdf\" target=\"_blank\" rel=\"noopener\"><img loading=\"lazy\" decoding=\"async\" class=\"alignnone wp-image-260 size-full aligncenter\" src=\"https:\/\/phacqua.it\/cms\/wp-content\/uploads\/2015\/08\/PDF.png\" alt=\"\" width=\"200\" height=\"200\" srcset=\"https:\/\/phacqua.it\/cms\/wp-content\/uploads\/2015\/08\/PDF.png 200w, https:\/\/phacqua.it\/cms\/wp-content\/uploads\/2015\/08\/PDF-150x150.png 150w\" sizes=\"(max-width: 200px) 100vw, 200px\" \/><\/a><\/h3>\n<p>&nbsp;<\/p>\n<p>[\/et_pb_text][\/et_pb_column][\/et_pb_row][\/et_pb_section]<\/p>\n","protected":false},"excerpt":{"rendered":"<p>La nostra nuova acqua alcalina ionizzata, ricca di idrogeno, \u00e8 in grado di ripristinare la fisiologia del nostro corpo, oltre a produrre acqua della salute con ORP fino a &#8211; 800\u00a0e acqua con pH superiore a 12.\u00a0\u00c8 un potente antiossidante, buona da bere\u00a0e anche&#8230; Dopo aver testato questo prodotto, abbiamo deciso proporlo. il prodotto Juicer [&hellip;]<\/p>\n","protected":false},"author":4,"featured_media":0,"parent":0,"menu_order":0,"comment_status":"closed","ping_status":"closed","template":"","meta":{"_et_pb_use_builder":"on","_et_pb_old_content":"","_et_gb_content_width":"","footnotes":""},"class_list":["post-110","page","type-page","status-publish","hentry"],"yoast_head":"<!-- This site is optimized with the Yoast SEO plugin v27.5 - https:\/\/yoast.com\/product\/yoast-seo-wordpress\/ -->\n<title>PHAcqua<\/title>\n<meta name=\"description\" content=\"Acqua Alcalina Ionizzata La mission di PHacqua \u00e8 la divulgazione delle potenzialit\u00e0 dell&#039;acqua alcalina ionizzata, aiutare depurazione e disintossicazione\" \/>\n<meta name=\"robots\" content=\"index, follow, max-snippet:-1, max-image-preview:large, max-video-preview:-1\" \/>\n<link rel=\"canonical\" href=\"https:\/\/phacqua.it\/cms\/\" \/>\n<meta property=\"og:locale\" content=\"it_IT\" \/>\n<meta property=\"og:type\" content=\"article\" \/>\n<meta property=\"og:title\" content=\"PHAcqua\" \/>\n<meta property=\"og:description\" content=\"Acqua Alcalina Ionizzata La mission di PHacqua \u00e8 la divulgazione delle potenzialit\u00e0 dell&#039;acqua alcalina ionizzata, aiutare depurazione e disintossicazione\" \/>\n<meta property=\"og:url\" content=\"https:\/\/phacqua.it\/cms\/\" \/>\n<meta property=\"og:site_name\" content=\"PH Acqua\" \/>\n<meta property=\"article:publisher\" content=\"https:\/\/www.facebook.com\/phacqua\/\" \/>\n<meta property=\"article:modified_time\" content=\"2018-01-03T01:20:54+00:00\" \/>\n<meta property=\"og:image\" content=\"https:\/\/phacqua.it\/cms\/wp-content\/uploads\/2015\/08\/PDF.png\" \/>\n<meta name=\"twitter:label1\" content=\"Tempo di lettura stimato\" \/>\n\t<meta name=\"twitter:data1\" content=\"6 minuti\" \/>\n<script type=\"application\/ld+json\" class=\"yoast-schema-graph\">{\"@context\":\"https:\\\/\\\/schema.org\",\"@graph\":[{\"@type\":\"WebPage\",\"@id\":\"https:\\\/\\\/phacqua.it\\\/cms\\\/\",\"url\":\"https:\\\/\\\/phacqua.it\\\/cms\\\/\",\"name\":\"PHAcqua\",\"isPartOf\":{\"@id\":\"https:\\\/\\\/phacqua.it\\\/cms\\\/#website\"},\"primaryImageOfPage\":{\"@id\":\"https:\\\/\\\/phacqua.it\\\/cms\\\/#primaryimage\"},\"image\":{\"@id\":\"https:\\\/\\\/phacqua.it\\\/cms\\\/#primaryimage\"},\"thumbnailUrl\":\"https:\\\/\\\/phacqua.it\\\/cms\\\/wp-content\\\/uploads\\\/2015\\\/08\\\/PDF.png\",\"datePublished\":\"2015-06-09T22:22:41+00:00\",\"dateModified\":\"2018-01-03T01:20:54+00:00\",\"description\":\"Acqua Alcalina Ionizzata La mission di PHacqua \u00e8 la divulgazione delle potenzialit\u00e0 dell'acqua alcalina ionizzata, aiutare depurazione e disintossicazione\",\"breadcrumb\":{\"@id\":\"https:\\\/\\\/phacqua.it\\\/cms\\\/#breadcrumb\"},\"inLanguage\":\"it-IT\",\"potentialAction\":[{\"@type\":\"ReadAction\",\"target\":[\"https:\\\/\\\/phacqua.it\\\/cms\\\/\"]}]},{\"@type\":\"ImageObject\",\"inLanguage\":\"it-IT\",\"@id\":\"https:\\\/\\\/phacqua.it\\\/cms\\\/#primaryimage\",\"url\":\"https:\\\/\\\/phacqua.it\\\/cms\\\/wp-content\\\/uploads\\\/2015\\\/08\\\/PDF.png\",\"contentUrl\":\"https:\\\/\\\/phacqua.it\\\/cms\\\/wp-content\\\/uploads\\\/2015\\\/08\\\/PDF.png\",\"width\":200,\"height\":200},{\"@type\":\"BreadcrumbList\",\"@id\":\"https:\\\/\\\/phacqua.it\\\/cms\\\/#breadcrumb\",\"itemListElement\":[{\"@type\":\"ListItem\",\"position\":1,\"name\":\"Home\",\"item\":\"https:\\\/\\\/phacqua.it\\\/cms\\\/\"},{\"@type\":\"ListItem\",\"position\":2,\"name\":\"PHAcqua\"}]},{\"@type\":\"WebSite\",\"@id\":\"https:\\\/\\\/phacqua.it\\\/cms\\\/#website\",\"url\":\"https:\\\/\\\/phacqua.it\\\/cms\\\/\",\"name\":\"PH Acqua\",\"description\":\"PH Acqua\",\"publisher\":{\"@id\":\"https:\\\/\\\/phacqua.it\\\/cms\\\/#organization\"},\"potentialAction\":[{\"@type\":\"SearchAction\",\"target\":{\"@type\":\"EntryPoint\",\"urlTemplate\":\"https:\\\/\\\/phacqua.it\\\/cms\\\/?s={search_term_string}\"},\"query-input\":{\"@type\":\"PropertyValueSpecification\",\"valueRequired\":true,\"valueName\":\"search_term_string\"}}],\"inLanguage\":\"it-IT\"},{\"@type\":\"Organization\",\"@id\":\"https:\\\/\\\/phacqua.it\\\/cms\\\/#organization\",\"name\":\"PH Acqua\",\"url\":\"https:\\\/\\\/phacqua.it\\\/cms\\\/\",\"logo\":{\"@type\":\"ImageObject\",\"inLanguage\":\"it-IT\",\"@id\":\"https:\\\/\\\/phacqua.it\\\/cms\\\/#\\\/schema\\\/logo\\\/image\\\/\",\"url\":\"https:\\\/\\\/phacqua.it\\\/cms\\\/wp-content\\\/uploads\\\/2015\\\/08\\\/logophacquapiccolo.png\",\"contentUrl\":\"https:\\\/\\\/phacqua.it\\\/cms\\\/wp-content\\\/uploads\\\/2015\\\/08\\\/logophacquapiccolo.png\",\"width\":308,\"height\":102,\"caption\":\"PH Acqua\"},\"image\":{\"@id\":\"https:\\\/\\\/phacqua.it\\\/cms\\\/#\\\/schema\\\/logo\\\/image\\\/\"},\"sameAs\":[\"https:\\\/\\\/www.facebook.com\\\/phacqua\\\/\"]}]}<\/script>\n<!-- \/ Yoast SEO plugin. -->","yoast_head_json":{"title":"PHAcqua","description":"Acqua Alcalina Ionizzata La mission di PHacqua \u00e8 la divulgazione delle potenzialit\u00e0 dell'acqua alcalina ionizzata, aiutare depurazione e disintossicazione","robots":{"index":"index","follow":"follow","max-snippet":"max-snippet:-1","max-image-preview":"max-image-preview:large","max-video-preview":"max-video-preview:-1"},"canonical":"https:\/\/phacqua.it\/cms\/","og_locale":"it_IT","og_type":"article","og_title":"PHAcqua","og_description":"Acqua Alcalina Ionizzata La mission di PHacqua \u00e8 la divulgazione delle potenzialit\u00e0 dell'acqua alcalina ionizzata, aiutare depurazione e disintossicazione","og_url":"https:\/\/phacqua.it\/cms\/","og_site_name":"PH Acqua","article_publisher":"https:\/\/www.facebook.com\/phacqua\/","article_modified_time":"2018-01-03T01:20:54+00:00","og_image":[{"url":"https:\/\/phacqua.it\/cms\/wp-content\/uploads\/2015\/08\/PDF.png","type":"","width":"","height":""}],"twitter_misc":{"Tempo di lettura stimato":"6 minuti"},"schema":{"@context":"https:\/\/schema.org","@graph":[{"@type":"WebPage","@id":"https:\/\/phacqua.it\/cms\/","url":"https:\/\/phacqua.it\/cms\/","name":"PHAcqua","isPartOf":{"@id":"https:\/\/phacqua.it\/cms\/#website"},"primaryImageOfPage":{"@id":"https:\/\/phacqua.it\/cms\/#primaryimage"},"image":{"@id":"https:\/\/phacqua.it\/cms\/#primaryimage"},"thumbnailUrl":"https:\/\/phacqua.it\/cms\/wp-content\/uploads\/2015\/08\/PDF.png","datePublished":"2015-06-09T22:22:41+00:00","dateModified":"2018-01-03T01:20:54+00:00","description":"Acqua Alcalina Ionizzata La mission di PHacqua \u00e8 la divulgazione delle potenzialit\u00e0 dell'acqua alcalina ionizzata, aiutare depurazione e disintossicazione","breadcrumb":{"@id":"https:\/\/phacqua.it\/cms\/#breadcrumb"},"inLanguage":"it-IT","potentialAction":[{"@type":"ReadAction","target":["https:\/\/phacqua.it\/cms\/"]}]},{"@type":"ImageObject","inLanguage":"it-IT","@id":"https:\/\/phacqua.it\/cms\/#primaryimage","url":"https:\/\/phacqua.it\/cms\/wp-content\/uploads\/2015\/08\/PDF.png","contentUrl":"https:\/\/phacqua.it\/cms\/wp-content\/uploads\/2015\/08\/PDF.png","width":200,"height":200},{"@type":"BreadcrumbList","@id":"https:\/\/phacqua.it\/cms\/#breadcrumb","itemListElement":[{"@type":"ListItem","position":1,"name":"Home","item":"https:\/\/phacqua.it\/cms\/"},{"@type":"ListItem","position":2,"name":"PHAcqua"}]},{"@type":"WebSite","@id":"https:\/\/phacqua.it\/cms\/#website","url":"https:\/\/phacqua.it\/cms\/","name":"PH Acqua","description":"PH Acqua","publisher":{"@id":"https:\/\/phacqua.it\/cms\/#organization"},"potentialAction":[{"@type":"SearchAction","target":{"@type":"EntryPoint","urlTemplate":"https:\/\/phacqua.it\/cms\/?s={search_term_string}"},"query-input":{"@type":"PropertyValueSpecification","valueRequired":true,"valueName":"search_term_string"}}],"inLanguage":"it-IT"},{"@type":"Organization","@id":"https:\/\/phacqua.it\/cms\/#organization","name":"PH Acqua","url":"https:\/\/phacqua.it\/cms\/","logo":{"@type":"ImageObject","inLanguage":"it-IT","@id":"https:\/\/phacqua.it\/cms\/#\/schema\/logo\/image\/","url":"https:\/\/phacqua.it\/cms\/wp-content\/uploads\/2015\/08\/logophacquapiccolo.png","contentUrl":"https:\/\/phacqua.it\/cms\/wp-content\/uploads\/2015\/08\/logophacquapiccolo.png","width":308,"height":102,"caption":"PH Acqua"},"image":{"@id":"https:\/\/phacqua.it\/cms\/#\/schema\/logo\/image\/"},"sameAs":["https:\/\/www.facebook.com\/phacqua\/"]}]}},"_links":{"self":[{"href":"https:\/\/phacqua.it\/cms\/wp-json\/wp\/v2\/pages\/110","targetHints":{"allow":["GET"]}}],"collection":[{"href":"https:\/\/phacqua.it\/cms\/wp-json\/wp\/v2\/pages"}],"about":[{"href":"https:\/\/phacqua.it\/cms\/wp-json\/wp\/v2\/types\/page"}],"author":[{"embeddable":true,"href":"https:\/\/phacqua.it\/cms\/wp-json\/wp\/v2\/users\/4"}],"replies":[{"embeddable":true,"href":"https:\/\/phacqua.it\/cms\/wp-json\/wp\/v2\/comments?post=110"}],"version-history":[{"count":0,"href":"https:\/\/phacqua.it\/cms\/wp-json\/wp\/v2\/pages\/110\/revisions"}],"wp:attachment":[{"href":"https:\/\/phacqua.it\/cms\/wp-json\/wp\/v2\/media?parent=110"}],"curies":[{"name":"wp","href":"https:\/\/api.w.org\/{rel}","templated":true}]}}